le of 135?
False
Let z(i) = i**3 - 11*i**2 - 5*i - 59. Let h be z(12). Let q(c) = -c**3 + 25*c**2 + 12*c + 55. Is q(h) a multiple of 16?
False
Suppose -14*v + 980 = -21*v. Let z = v + 201. Is 3 a factor of z?
False
Let g = -30 - -50. Suppose 16 - g = -2*n. Suppose -2*v - 2*i = i - 135, 0 = -2*v + n*i + 150. Does 5 divide v?
False
Let t be -6 + (-42)/(-7) + -4. Does 44 divide 564 + 7 + t + 1 - -4?
True
Let u(n) be the third derivative of -n**6/120 - n**5/5 - n**4/2 - 6*n**3 - 72*n**2. Is u(-12) a multiple of 27?
True
Suppose x - 5*a + 8*a - 315 = 0, 3*x = 5*a + 931. Is 24 a factor of x?
True
Let u(l) = 63*l + 18. Let k = 9 + -3. Let w be u(k). Suppose -9*g + w = -6*g. Does 22 divide g?
True
Suppose -4556606 = -225*p - 104081. Does 77 divide p?
True
Suppose 210*w - 497524 - 663813 = 995363. Does 20 divide w?
False
Suppose 5*u - 10 = 0, u = -2*m + 6*u - 22. Let o(v) = -3*v**3 + 4*v**2 - 20*v - 12. Let i be o(m). Suppose -11*b + 5*b = -i. Is b a multiple of 21?
False
Let m(t) = 280*t**2 - 50*t - 265. Does 14 divide m(-8)?
False
Suppose -29*f = -16*f - 0*f - 101751. Is 18 a factor of f?
False
Let z be (-3 - 32/(-10)) + 28/10. Suppose 3*v = -l + 3*l + 1202, 0 = -3*l - z. Is v a multiple of 15?
False
Let v(y) = 9*y**3 - 43*y**2 + 13*y - 13. Is v(8) a multiple of 11?
True
Let l(q) = q**2 + 4*q - 1. Let k be l(3). Let r = k - 22. Let f(a) = -36*a - 5. Is 19 a factor of f(r)?
False
Suppose -3*q = 8*q - 10428. Suppose b + q = 2*w, -w + 5*b = -0*w - 465. Is w a multiple of 63?
False
Is ((-480)/(-70))/(2/1974) a multiple of 16?
True
Let n be (-6)/1 + (-248)/(-8). Suppose -n*y + 10511 = -2*y. Is 34 a factor of y?
False
Let n(j) = -j - 32. Let m be n(-32). Suppose 1452 = 4*f - 2*w, m = -2*f + 3*f + w - 357. Is f a multiple of 30?
False
Let b(s) be the first derivative of -s**2/2 + 53*s - 36. Does 37 divide b(-24)?
False
Let h(c) = -c**3 - 21*c**2 - 64*c + 46. Is 6 a factor of h(-19)?
True
Suppose -3*t + 9 = -0*s + 2*s, 0 = 2*t + 2*s - 6. Let o be (-1)/t + 425/15. Suppose o*v - 234 = 25*v. Does 15 divide v?
False
Let k(t) = t**3 + 5*t**2 - 5*t + 14. Let r be k(-6). Let g be (2/(-3))/(r/(-60)). Suppose 3*h - 317 = 5*y, y + 541 = g*h - y. Is 12 a factor of h?
False
Suppose 8*v - 7*v - 15 = 0. Suppose 3*c - v + 3 = 3*i, i = -3*c. Is 11 a factor of -1*i/(9/57)?
False
Suppose -5*k + 5*p = -0*p + 95, k + 4*p = 1. Let d = 173 + -138. Let q = d + k. Does 5 divide q?
True
Suppose 0 = 19*n + 20*n - 90558. Is 27 a factor of n?
True
Let q(v) = -16*v**3 - 7*v**2 - 11*v - 2. Let b(c) = 11*c - 91. Let l be b(8). Is q(l) a multiple of 40?
True
Suppose 66800 = 17*n - 31120. Is 90 a factor of n?
True
Let o be 44/77 + -2 + (-48)/(-14). Let i(k) = k - k**o - k**2 + 2*k**2 + 5*k**2. Is i(-4) a multiple of 13?
False
Let t be ((-441)/(-98))/(1/30). Let r be (-2)/(-7) - (-1580)/7. Let s = r - t. Does 31 divide s?
False
Let q(a) = a. Let x(i) = -47*i + 2. Let s(p) = 2*q(p) + x(p). Let l be s(-2). Let y = l - 50. Does 7 divide y?
True
Let u = -2415 - -2380. Suppose -t = l + 91, -5*l = -3*t + 4*t + 95. Let x = u - t. Does 11 divide x?
True
Let i be 18/(-7)*168/36. Let t be 3 + (i/4)/3. Suppose -s - 4*s = k - 78, t*k - 4*s - 100 = 0. Is k a multiple of 27?
False
Let f(q) = -2*q**3 + 29*q**2 + 49*q + 21. Let s(u) = -5*u**3 + 59*u**2 + 98*u + 42. Let d(g) = 7*f(g) - 3*s(g). Is d(-21) a multiple of 21?
True
Let g(y) be the first derivative of y**7/840 - y**6/45 + y**5/60 - 5*y**4/24 - 5*y**3/3 - 16. Let w(v) be the third derivative of g(v). Does 2 divide w(8)?
False
Suppose -2*b + 106 = -80. Suppose -331 + b = -t. Does 6 divide t?
False
Let q(k) = -k**2 + 6*k - 6. Let x be q(3). Suppose -5*i + 12 = 3*a, -x*i - a + 5*a = -13. Suppose i*y - 65 = 52. Does 39 divide y?
True
Let q be (-108356)/(-44) + 12/33. Suppose 16*d + q = 9423. Does 19 divide d?
False
Suppose 7*i + 16 = 2*x + 9*i, -x = -i. Suppose j - 781 + 112 = -2*y, 0 = -5*j + x*y + 3415. Is j a multiple of 5?
False
Suppose q + 1 = -3*p, -9 = 4*p - 1. Suppose q*g + 3*b + 0*b = 1401, 4*g - 1134 = 2*b. Is g a multiple of 28?
False
Suppose 0*x + 37 = 5*m - x, 9 = 3*x. Suppose f - m = 33. Let t = -17 + f. Is 4 a factor of t?
True
Let s = -221 + 245. Suppose -s = -2*b + 286. Is 14 a factor of b?
False
Let n(h) = 5*h**3 - h**2 + 2*h - 2. Let m be n(1). Suppose m*f = -2*f + 18. Suppose -u = -4, -f*q + 2*u - 21 + 97 = 0. Is 7 a factor of q?
True
Let x = 54 - -1449. Is x a multiple of 9?
True
Suppose 0 = -3*n + 2*q + 21932, -45*n - 3*q = -42*n - 21957. Is n a multiple of 46?
True
Suppose -7*g + 675 = -5*w - 4*g, -5*w = -g + 665. Let i be (3/12)/((-3)/w). Suppose -3*r - f = -12, -5*f - 1 = 5*r - i. Is 3 a factor of r?
False
Let u = -569 + 949. Is 12 a factor of 36/(-15)*u/(-8)?
False
Let n(m) = 4*m + 8. Let j(g) = -3*g - 5. Let s(c) = 7*j(c) + 5*n(c). Let i be -6*(-13)/(-14) + (-69)/161. Is s(i) even?
False
Let l(p) = 59*p**3 + 12*p**2 - 13*p + 18. Is 4 a factor of l(4)?
False
Let k be 29 + -35 - (-7 + -1). Does 12 divide (1044/(-8))/(15/12 - k)?
False
Let l(h) = -867*h - 1134. Is 60 a factor of l(-21)?
False
Suppose 0 = -6*o + 674 - 176. Suppose 1 = 6*a - 5*a, -c + a = -o. Does 42 divide c?
True
Suppose 6*g = 8*g - 6. Suppose g*t - 5*q = t + 3, -3*t = -5*q - 2. Does 4 divide (-27 - t)*-1 + -2?
True
Suppose 8*o = 2*o + 18. Does 16 divide 4*(188/8 + o)?
False
Suppose 7*m + 3*t - 71132 = 0, -3*m + 30496 = 791*t - 787*t. Is m a multiple of 20?
True
Let r(p) = p + 8. Let z be r(-7). Let y(g) = -2*g**3 - 6*g**2 + 8*g + 16. Let n be y(-3). Is 13 a factor of (4/n)/(z/(-38))?
False
Let l(x) = 3*x + 66. Let j be l(-21). Suppose -4*y + b + 1882 = j*b, -y + 3*b + 453 = 0. Is 46 a factor of y?
False
Suppose 79 = -8*r - 225. Let c = 269 + r. Is c a multiple of 12?
False
Let u(l) be the third derivative of l**6/120 + l**5/8 - l**4/24 + 12*l**2. Let v(q) be the second derivative of u(q). Is 13 a factor of v(4)?
True
Let w(l) = 9*l + 227. Let o be w(-25). Does 38 divide o*659/(-3)*45/(-30)?
False
Is (7072/88)/((-22)/(-121)) a multiple of 30?
False
Suppose -5*h + q + 9739 = -3*h, 0 = -4*q - 20. Is 175 a factor of h?
False
Suppose 4*f - 5*f + 3 = 0. Suppose 0 = 5*j + 5, -3*j = -5*q + 7 - 4. Suppose -c - f*c + 156 = q. Is 13 a factor of c?
True
Suppose -2*m - 5*h - 7 + 1 = 0, -9 = -3*m - 3*h. Let k(p) = p + 5*p + 0*p - 22. Is 20 a factor of k(m)?
True
Let r = 67 + -64. Let z be 32/6*r - 3. Is 22 a factor of 3 + 123/(-39) + 1913/z?
False
Let t = -12695 - -18028. Is 18 a factor of t?
False
Suppose 0*g - 2*g + 1658 = -6*n, -3*g - 4*n = -2448. Suppose 14*s = 9*s - 2*y + 2041, y = 2*s - g. Does 20 divide s?
False
Let r = -51 - -60. Suppose 443 = r*x - 466. Let c = x - 81. Does 3 divide c?
False
Does 5 divide (-4 + (-13340)/(-12))*(54 - 51)?
False
Suppose -3*j + m = 8, 5*m = -j + m - 7. Let r(c) = c**3 + 2*c**2 - 4*c - 1. Let s be r(j). Suppose -s*o - 58 + 394 = 0. Is 21 a factor of o?
True
Let y(f) = -399323*f + 399308*f - 2 + 8 + 3*f**2 + 21. Suppose -5*l + 31 = z, -3*l + 17 + 3 = 2*z. Does 9 divide y(l)?
True
Suppose -10*w + 436 + 4 = 0. Suppose -w*b = -48*b + 2840. Is 71 a factor of b?
True
Let c(j) be the second derivative of 11*j**4/4 + 5*j**3/6 - 18*j**2 + 4*j + 1. Is 39 a factor of c(5)?
False
Suppose 0 = -2*g + 5*d + 1477, -1474 = -2*g - 0*g + 2*d. Suppose -5*q - 5*w = -1780, 4*w = 5*q - 3*q - g. Is q a multiple of 60?
True
Suppose -d - 3*m - 261 = 0, 5*m + 589 = -5*d - 766. Is 28 a factor of (-2 - d/(-30))*(-38 - -3)?
True
Let a be (-2)/8*-15*60/45. Suppose 2*u + 2*z = 1086, 4*u + 3*z - a*z = 2178. Is u a multiple of 32?
True
Let l(q) = 30*q**2 - 29*q**2 + 15*q - 5 - 3*q + 36. Let i be l(-7). Is 23 a factor of 164/i*(2 + -2 + -2)?
False
Suppose 2*p - 3*i = 44, -47 = -2*p - p - 5*i. Let x = p + -16. Suppose x*s - 54 = s. Does 27 divide s?
True
Let m(x) = -8*x + 15. Let g be m(8). Let o = -38 - g. Suppose 0 = -3*y + o*y - 104. Is y a multiple of 13?
True
Let m(l) = l**3 - 147*l**2 + 315*l - 813. Does 38 divide m(145)?
True
Suppose 31*c - 5146 = 62*c. Let m = c + 202. Is m a multiple of 10?
False
Let b = -122 + 130. Let d = 104 - b. Is d a multiple of 4?
True
Let g = -37120 + 64712. Is 28 a factor of (-5)/4 - g/(-32)?
False
Let v(k) = 28*k - 385. Does 31 divide v(59)?
False
Let o(p) = -2758*p - 1032. Is 65 a factor of o(-8)?
False
Is (14 + 445)/(4 - 3) a mult